ided by 111.
102
Calculate the remainder when 2232266 is divided by 72006.
80
What is the remainder when 80070547 is divided by 44116?
7
Calculate the remainder when 32332 is divided by 1016.
836
What is the remainder when 616795 is divided by 686?
81
Calculate the remainder when 91903 is divided by 42830.
6243
What is the remainder when 22090466 is divided by 138065?
66
What is the remainder when 11016983 is divided by 5508480?
23
Calculate the remainder when 140290 is divided by 626.
66
Calculate the remainder when 1141225 is divided by 1141199.
26
Calculate the remainder when 2686590 is divided by 41332.
10
Calculate the remainder when 23947724 is divided by 269.
268
What is the remainder when 5789438 is divided by 58?
52
Calculate the remainder when 1255293 is divided by 12809.
11
Calculate the remainder when 207848 is divided by 571.
4
Calculate the remainder when 8555493 is divided by 7.
2
What is the remainder when 8976058 is divided by 831?
427
What is the remainder when 1647467 is divided by 248?
3
What is the remainder when 35878650 is divided by 4773?
9
What is the remainder when 977963 is divided by 182?
77
What is the remainder when 161589 is divided by 39020?
5509
Calculate the remainder when 469384 is divided by 6204.
4084
What is the remainder when 60243303 is divided by 7530410?
23
Calculate the remainder when 2272789 is divided by 454554.
19
Calculate the remainder when 659641 is divided by 34.
7
What is the remainder when 53666494 is divided by 786?
772
What is the remainder when 941735 is divided by 959?
956
What is the remainder when 86512 is divided by 134?
82
Calculate the remainder when 19855385 is divided by 309.
281
What is the remainder when 5313102 is divided by 909?
906
What is the remainder when 721292 is divided by 981?
257
What is the remainder when 4745944 is divided by 37?
28
What is the remainder when 1142096 is divided by 2345?
81
What is the remainder when 577311 is divided by 16978?
59
Calculate the remainder when 12494 is divided by 6189.
116
What is the remainder when 998956 is divided by 6991?
6234
Calculate the remainder when 8562104 is divided by 6877.
239
Calculate the remainder when 9253710 is divided by 44.
26
Calculate the remainder when 6244729 is divided by 780583.
65
Calculate the remainder when 429998 is divided by 2152.
1750
What is the remainder when 1569013 is divided by 174323?
106
What is the remainder when 2880946 is divided by 2880166?
780
Calculate the remainder when 322571 is divided by 19944.
3467
What is the remainder when 188046 is divided by 5693?
177
What is the remainder when 176648 is divided by 3214?
3092
What is the remainder when 9403614 is divided by 78?
12
What is the remainder when 1893803 is divided by 315618?
95
What is the remainder when 5252610 is divided by 3620?
3610
Calculate the remainder when 45544947 is divided by 3514.
3507
What is the remainder when 200719 is divided by 2047?
113
Calculate the remainder when 89808 is divided by 3475.
2933
What is the remainder when 15654 is divided by 97?
37
Calculate the remainder when 974250 is divided by 409.
12
Calculate the remainder when 16339 is divided by 5278.
505
Calculate the remainder when 15204 is divided by 12751.
2453
What is the remainder when 91606 is divided by 290?
256
Calculate the remainder when 1991322 is divided by 784.
746
Calculate the remainder when 590210 is divided by 399.
89
What is the remainder when 3355909 is divided by 1062?
1051
What is the remainder when 1224103 is divided by 3382?
3201
What is the remainder when 121952 is divided by 30479?
36
Calculate the remainder when 7861801 is divided by 528.
409
Calculate the remainder when 46758 is divided by 1670.
1668
Calculate the remainder when 1106293 is divided by 5369.
279
What is the remainder when 2881171 is divided by 27438?
181
What is the remainder when 11363576 is divided by 1829?
1828
What is the remainder when 32803495 is divided by 5618?
5611
What is the remainder when 4111718 is divided by 33?
17
Calculate the remainder when 5955373 is divided by 229.
228
What is the remainder when 488218 is divided by 2359?
2264
What is the remainder when 10746739 is divided by 118?
7
What is the remainder when 3439813 is divided by 3127?
113
What is the remainder when 85433 is divided by 2647?
729
What is the remainder when 677627 is divided by 676747?
880
Calculate the remainder when 2534262 is divided by 52796.
54
Calculate the remainder when 4525404 is divided by 2262344.
716
Calculate the remainder when 1847777 is divided by 1847765.
12
What is the remainder when 201941 is divided by 507?
155
What is the remainder when 170104 is divided by 788?
684
What is the remainder when 72836033 is divided by 20?
13
What is the remainder when 1510235 is divided by 10414?
205
Calculate the remainder when 5466113 is divided by 1555.
288
Calculate the remainder when 19613812 is divided by 10.
2
What is the remainder when 41502447 is divided by 25?
22
Calculate the remainder when 75549 is divided by 6797.
782
Calculate the remainder when 388784 is divided by 1068.
32
What is the remainder when 75117999 is divided by 1058?
1057
What is the remainder when 8406470 is divided by 88489?
15
Calculate the remainder when 100407843 is divided by 1479.
12
What is the remainder when 3327383 is divided by 175113?
236
Calculate the remainder when 153597 is divided by 312.
93
What is the remainder when 95610 is divided by 514?
6
Calculate the remainder when 8496 is divided by 170.
166
Calculate the remainder when 1177378 is divided by 1857.
40
Calculate the remainder when 110593 is divided by 349.
309
Calculate the remainder when 742769757 is divided by 10.
7
What is the remainder when 8151873 is divided by 9579?
144
Calculate the remainder when 3628677 is divided by 120955.
27
Calculate the remainder when 8404033 is divided by 49146.
67
Calculate the remainder when 13696212 is divided by 105.
12
What is the remainder when 4304727 is divided by 114?
87
What is the remainder when 4292087 is divided by 53651?
7
What is the remainder when 673615409 is divided by 1014?
1013
Calculate the remainder when 3393971 is divided by 130.
61
What is the remainder when 1314110 is divided by 3121?
169
Calculate the remainder when 42480127 is divided by 215.
212
Calculate the remainder when 73642 is divided by 89.
39
Calculate the remainder when 62486 is divided by 308.
270
Calculate the remainder when 15801142 is divided by 9.
4
What is the remainder when 40684 is divided by 101?
82
Calculate the remainder when 506836 is divided by 253090.
656
Calculate the remainder when 182519 is divided by 310.
239
What is the remainder when 1378425 is divided by 229736?
9
Calculate the remainder when 260794 is divided by 963.
784
What is the remainder when 249663 is divided by 9600?
63
What is the remainder when 7420226 is divided by 7420217?
9
What is the remainder when 557156 is divided by 10512?
20
What is the remainder when 40285249 is divided by 419638?
1
What is the remainder when 21085113 is divided by 99?
93
Calculate the remainder when 394670 is divided by 49.
24
What is the remainder when 1600554 is divided by 47073?
72
Calculate the remainder when 1512371 is divided by 58.
21
What is the remainder when 7452885 is divided by 1?
0
Calculate the remainder when 6177531 is divided by 617719.
341
Calculate the remainder when 255137791 is divided by 606028.
3
Calculate the remainder when 426379 is divided by 10930.
109
What is the remainder when 132133 is divided by 6001?
111
Calculate the remainder when 7528305 is divided by 619.
27
What is the remainder when 443831 is divided by 276?
23
Calculate the remainder when 175017 is divided by 106.
11
Calculate the remainder when 765370 is divided by 3357.
3331
Calculate the remainder when 21013 is divided by 10443.
127
What is the remainder when 42275894 is divided by 899487?
5
Calculate the remainder when 12432693 is divided by 1776098.
7
Calculate the remainder when 18822652 is divided by 171.
169
What is the remainder when 5700895 is divided by 43?
41
Calculate the remainder when 1178605 is divided by 392835.
100
Calculate the remainder when 9873314 is divided by 64531.
71
What is the remainder when 130593 is divided by 6203?
330
Calculate the re